 digit of 117648?
7
What is the hundreds digit of 16963?
9
What is the units digit of 32922?
2
What is the hundreds digit of 5550?
5
What is the units digit of 36831?
1
What is the units digit of 11690?
0
What is the tens digit of 740?
4
What is the tens digit of 21905?
0
What is the tens digit of 12441?
4
What is the tens digit of 16225?
2
What is the units digit of 31287?
7
What is the tens digit of 34862?
6
What is the hundreds digit of 613?
6
What is the ten thousands digit of 23397?
2
What is the hundreds digit of 857?
8
What is the tens digit of 4784?
8
What is the hundreds digit of 6524?
5
What is the ten thousands digit of 17160?
1
What is the thousands digit of 14141?
4
What is the hundreds digit of 2442?
4
What is the units digit of 1223?
3
What is the ten thousands digit of 22915?
2
What is the units digit of 27473?
3
What is the tens digit of 1118?
1
What is the thousands digit of 6706?
6
What is the hundreds digit of 1598?
5
What is the hundreds digit of 570?
5
What is the thousands digit of 3239?
3
What is the tens digit of 34951?
5
What is the units digit of 27466?
6
What is the tens digit of 41400?
0
What is the units digit of 14143?
3
What is the tens digit of 25510?
1
What is the hundreds digit of 739?
7
What is the hundreds digit of 18792?
7
What is the units digit of 886?
6
What is the tens digit of 5753?
5
What is the thousands digit of 2737?
2
What is the units digit of 35427?
7
What is the thousands digit of 9424?
9
What is the units digit of 114140?
0
What is the thousands digit of 4073?
4
What is the units digit of 137392?
2
What is the hundreds digit of 2679?
6
What is the thousands digit of 28881?
8
What is the ten thousands digit of 11510?
1
What is the thousands digit of 4128?
4
What is the tens digit of 3520?
2
What is the thousands digit of 2985?
2
What is the hundreds digit of 10742?
7
What is the hundreds digit of 1000?
0
What is the hundreds digit of 100?
1
What is the tens digit of 310?
1
What is the ten thousands digit of 12264?
1
What is the tens digit of 9609?
0
What is the hundreds digit of 1443?
4
What is the ten thousands digit of 40043?
4
What is the tens digit of 33652?
5
What is the thousands digit of 10587?
0
What is the hundreds digit of 26210?
2
What is the thousands digit of 1412?
1
What is the tens digit of 7643?
4
What is the units digit of 11209?
9
What is the ten thousands digit of 59144?
5
What is the ten thousands digit of 96575?
9
What is the thousands digit of 64545?
4
What is the thousands digit of 4960?
4
What is the hundreds digit of 149102?
1
What is the hundreds digit of 827?
8
What is the units digit of 278?
8
What is the thousands digit of 11851?
1
What is the units digit of 12931?
1
What is the thousands digit of 7087?
7
What is the tens digit of 81?
8
What is the units digit of 1?
1
What is the thousands digit of 68652?
8
What is the tens digit of 3212?
1
What is the units digit of 40396?
6
What is the hundreds digit of 16028?
0
What is the tens digit of 2128?
2
What is the tens digit of 1584?
8
What is the thousands digit of 12293?
2
What is the hundreds digit of 12231?
2
What is the tens digit of 55832?
3
What is the hundreds digit of 8766?
7
What is the thousands digit of 3444?
3
What is the tens digit of 158059?
5
What is the ten thousands digit of 15303?
1
What is the tens digit of 31786?
8
What is the thousands digit of 54663?
4
What is the hundreds digit of 2625?
6
What is the thousands digit of 1027?
1
What is the ten thousands digit of 49303?
4
What is the units digit of 1864?
4
What is the tens digit of 69284?
8
What is the ten thousands digit of 94178?
9
What is the units digit of 7697?
7
What is the units digit of 3040?
0
What is the tens digit of 5102?
0
What is the hundreds digit of 1736?
7
What is the tens digit of 4856?
5
What is the tens digit of 65529?
2
What is the thousands digit of 3371?
3
What is the thousands digit of 2550?
2
What is the thousands digit of 4641?
4
What is the units digit of 158234?
4
What is the tens digit of 1887?
8
What is the thousands digit of 1276?
1
What is the units digit of 3874?
4
What is the thousands digit of 13924?
3
What is the hundred thousands digit of 118313?
1
What is the units digit of 2721?
1
What is the tens digit of 568?
6
What is the tens digit of 90714?
1
What is the tens digit of 1055?
5
What is the thousands digit of 7615?
7
What is the thousands digit of 10453?
0
What is the hundreds digit of 38635?
6
What is the hundreds digit of 344?
3
What is the hundreds digit of 20448?
4
What is the tens digit of 5503?
0
What is the units digit of 3638?
8
What is the hundred thousands digit of 171759?
1
What is the units digit of 4118?
8
What is the hundreds digit of 4006?
0
What is the ten thousands digit of 24600?
2
What is the tens digit of 6342?
4
What is the ten thousands digit of 130523?
3
What is the thousands digit of 15425?
5
What is the thousands digit of 1018?
1
What is the tens digit of 54904?
0
What is the thousands digit of 18651?
8
What is the hundreds digit of 1644?
6
What is the tens digit of 5989?
8
What is the units digit of 950?
0
What is the units digit of 1553?
3
What is the tens digit of 101?
0
What is the ten thousands digit of 29654?
2
What is the ten thousands digit of 13527?
1
What is the thousands digit of 1265?
1
What is the ten thousands digit of 14072?
1
What is the units digit of 32815?
5
What is the thousands digit of 17038?
7
What is the units digit of 22590?
0
What is the units digit of 806?
6
What is the units digit of 8098?
8
What is the tens digit of 60234?
3
What is the tens digit of 19235?
3
What is the thousands digit of 10781?
0
What is the ten thousands digit of 20651?
2
What is the thousands digit of 7618?
7
What is the ten thousands digit of 38789?
3
What is the ten thousands digit of 36021?
3
What is the tens digit of 2468?
6
What is the thousands digit of 5173?
5
What is the tens digit of 39892?
9
What is the hundreds digit of 11056?
0
What is the ten thousands digit of 44428?
4
What is the hundreds digit of 1681?
6
What is the tens digit of 438?
3
What is the ten thousands digit of 35849?
3
What is the hundreds digit of 294?
2
What is the tens digit of 374?
7
What is the thousands digit of 16466?
6
What is the hundreds digit of 1080?
0
What is the hundreds digit of 1773?
7
What is the units digit of 11386?
6
What is the units digit of 662?
2
What is the hundreds digit of 27434?
4
What is the units digit of 80?
0
What is the ten thousands digit of 23519?
2
What is the ten thousands digit of 56043?
5
What is the tens digit of 1274?
7
What is the thousands digit of 5215?
5
What is the units digit of 12972?
2
What is the thousands digit of 1598?
1
What is the units digit of 106895?
5
What is the units digit of 31325?
5
What is the thousands digit of 1317?
1
What is the tens digit of 17779?
7
What is the tens digit of 4556?
5
What is the hundreds digit of 8846?
8
What is the tens digit of 659?
5
What is the tens digit of 341?
4
What is the tens digit of 11973?
7
What is the tens digit of 2062?
6
What is the units digit of 2830?
0
What is the hundreds digit of 8934?
9
What is the tens digit of 52304?
0
What is the units digit of 2967?
7
What is the hundreds digit of 2135?
1
What is the hundreds digit of 1798?
7
What is the units digit of 6741?
1
What is the tens digit of 968?
6
What is the hundreds digit of 18126?
1
What is the thousands digit of 23196?
3
What is the units digit of 18319?
9
What is the units digit of 9057?
7
What is the thousands digit of 1194?
1
What is the hundreds digit of 11378?
3
What is the ten thousands digit of 14505?
1
What is the hundreds digit of 34464?
4
What is the units digit of 14?
4
What is the units digit of 16266?
6
What is the hundreds digit of 24951?
9
What is the ten thousands digit of 33085?
3
What is the tens digit of 107578?
7
What is the tens digit of 1690?
9
What is the hundreds digit of 1849?
8
What is the tens digit of 1228?
2
What is the units digit of 664?
4
What is the tens digit of 2808?
0
What is the tens digit of 8095?
9
What is the units digit of 134171?
1
What is the tens digit of 215?
1
What is the ten thousands digit of 54716?
5
What is the units digit of 50527?
7
What is the thousands digit of 1979?
1
What is the units digit 